tors of 34142020?
2, 5, 11, 155191
What are the prime factors of 1340083?
1340083
List the prime factors of 12830869.
17, 31, 97, 251
What are the prime factors of 537935?
5, 271, 397
What are the prime factors of 451798?
2, 223, 1013
List the prime factors of 1101740.
2, 5, 31, 1777
List the prime factors of 188956.
2, 97, 487
List the prime factors of 16952597.
1723, 9839
List the prime factors of 2306872.
2, 288359
What are the prime factors of 388134?
2, 3, 21563
What are the prime factors of 349734?
2, 3, 7, 11, 757
What are the prime factors of 14660817?
3, 17, 157, 1831
List the prime factors of 2974953.
3, 991651
What are the prime factors of 1007092?
2, 79, 3187
What are the prime factors of 148964?
2, 167, 223
What are the prime factors of 8367063?
3, 1069, 2609
What are the prime factors of 268032?
2, 3, 349
List the prime factors of 341222.
2, 7, 24373
What are the prime factors of 5245781?
29, 53, 3413
What are the prime factors of 13590544?
2, 11, 37, 2087
What are the prime factors of 1251500?
2, 5, 2503
What are the prime factors of 360109?
73, 4933
List the prime factors of 1768063.
11, 67, 2399
List the prime factors of 333333.
3, 7, 11, 13, 37
List the prime factors of 28208364.
2, 3, 2350697
List the prime factors of 5061167.
29, 199, 877
What are the prime factors of 2164097?
13, 61, 2729
What are the prime factors of 5431498?
2, 2715749
List the prime factors of 6310878.
2, 3, 7, 23, 47, 139
List the prime factors of 13996793.
13996793
What are the prime factors of 3272020?
2, 5, 163601
List the prime factors of 750033.
3, 27779
What are the prime factors of 314532?
2, 3, 8737
What are the prime factors of 23206772?
2, 293, 19801
List the prime factors of 24328585.
5, 4865717
List the prime factors of 5718665.
5, 277, 4129
List the prime factors of 3425228.
2, 17, 2963
What are the prime factors of 17457068?
2, 4364267
List the prime factors of 1033432.
2, 101, 1279
List the prime factors of 9171557.
347, 26431
List the prime factors of 26356.
2, 11, 599
List the prime factors of 96513.
3, 53, 607
What are the prime factors of 14917153?
41, 363833
List the prime factors of 229980.
2, 3, 5, 3833
What are the prime factors of 12422690?
2, 5, 7, 177467
What are the prime factors of 88981?
101, 881
What are the prime factors of 831140?
2, 5, 29, 1433
List the prime factors of 432844.
2, 108211
List the prime factors of 88344.
2, 3, 409
What are the prime factors of 1111640?
2, 5, 27791
List the prime factors of 15380501.
107, 143743
List the prime factors of 5521252.
2, 11, 29, 4327
List the prime factors of 828601.
828601
What are the prime factors of 31179675?
3, 5, 415729
What are the prime factors of 2485410?
2, 3, 5, 82847
What are the prime factors of 1055326?
2, 17, 31039
List the prime factors of 4574027.
4574027
What are the prime factors of 633577?
7, 90511
List the prime factors of 3245752.
2, 405719
List the prime factors of 20650.
2, 5, 7, 59
List the prime factors of 198555.
3, 5, 7, 31, 61
What are the prime factors of 4191764?
2, 1047941
List the prime factors of 10342161.
3, 127681
List the prime factors of 146579.
23, 6373
List the prime factors of 7844732.
2, 7, 29, 9661
List the prime factors of 1419076.
2, 149, 2381
List the prime factors of 370749.
3, 123583
List the prime factors of 7989516.
2, 3, 24659
What are the prime factors of 5725?
5, 229
List the prime factors of 863436.
2, 3, 7, 19, 541
List the prime factors of 1084018.
2, 13, 173, 241
List the prime factors of 329481.
3, 12203
What are the prime factors of 268340?
2, 5, 13417
What are the prime factors of 212897?
212897
What are the prime factors of 111008?
2, 3469
What are the prime factors of 17908873?
2777, 6449
List the prime factors of 8032146.
2, 3, 41, 103, 317
List the prime factors of 74593.
97, 769
What are the prime factors of 146320?
2, 5, 31, 59
What are the prime factors of 646848?
2, 3, 1123
What are the prime factors of 4704997?
11, 427727
What are the prime factors of 192567?
3, 64189
List the prime factors of 1072344.
2, 3, 7, 13, 491
What are the prime factors of 352115?
5, 70423
What are the prime factors of 123696?
2, 3, 859
List the prime factors of 109221.
3, 7, 743
List the prime factors of 4989726.
2, 3, 7, 199
List the prime factors of 1093789.
1093789
What are the prime factors of 975994?
2, 487997
What are the prime factors of 5023124?
2, 67, 18743
List the prime factors of 6117601.
7, 19, 6571
List the prime factors of 1264534.
2, 632267
List the prime factors of 130153.
157, 829
List the prime factors of 556657.
41, 13577
What are the prime factors of 725914?
2, 7, 19, 2729
What are the prime factors of 2380122?
2, 3, 132229
What are the prime factors of 14666843?
647, 22669
What are the prime factors of 23618?
2, 7, 241
What are the prime factors of 9297895?
5, 17, 109387
List the prime factors of 18733360.
2, 5, 234167
List the prime factors of 16480461.
3, 107, 51341
List the prime factors of 3660193.
41, 89273
What are the prime factors of 318469?
167, 1907
List the prime factors of 281232.
2, 3, 7, 31
List the prime factors of 54531.
3, 73, 83
List the prime factors of 1044530.
2, 5, 67, 1559
List the prime factors of 1958380.
2, 5, 97919
List the prime factors of 13798544.
2, 862409
What are the prime factors of 5923775?
5, 11, 13, 1657
What are the prime factors of 446621?
7, 63803
List the prime factors of 22386514.
2, 11193257
List the prime factors of 2158002.
2, 3, 7, 11, 173
List the prime factors of 19327.
7, 11, 251
What are the prime factors of 410136?
2, 3, 23, 743
What are the prime factors of 4869428?
2, 53, 103, 223
List the prime factors of 371313.
3, 41257
What are the prime factors of 2036810?
2, 5, 353, 577
List the prime factors of 103773.
3, 34591
What are the prime factors of 231735?
3, 5, 7, 2207
What are the prime factors of 133666?
2, 13, 53, 97
List the prime factors of 1144012.
2, 113, 2531
List the prime factors of 10765584.
2, 3, 74761
List the prime factors of 5009003.
5009003
List the prime factors of 997109.
997109
List the prime factors of 62920.
2, 5, 11, 13
What are the prime factors of 8869060?
2, 5, 443453
List the prime factors of 51872.
2, 1621
What are the prime factors of 11182147?
11182147
List the prime factors of 1990096.
2, 29, 4289
What are the prime factors of 4128126?
2, 3, 41, 97, 173
List the prime factors of 730769.
13, 67, 839
List the prime factors of 203752.
2, 25469
List the prime factors of 18617469.
3, 13, 53, 9007
What are the prime factors of 4437026?
2, 11, 201683
List the prime factors of 329947.
329947
List the prime factors of 173808.
2, 3, 17, 71
List the prime factors of 3615377.
19, 190283
What are the prime factors of 46181?
46181
What are the prime factors of 192892?
2, 7, 83
What are the prime factors of 23102217?
3, 59, 139, 313
List the prime factors of 1024157.
19, 2837
List the prime factors of 115143.
3, 7, 5483
What are the prime factors of 5477189?
5477189
List the prime factors of 1077613.
17, 63389
What are the prime factors of 24159159?
3, 17, 269, 587
What are the prime factors of 2185451?
71, 30781
What are the prime factors of 3628705?
5, 31, 41, 571
List the prime factors of 1177199.
17, 69247
What are the prime factors of 3420395?
5, 11, 62189
List the prime factors of 2196003.
3, 359, 2039
List the prime factors of 9203832.
2, 3, 11, 11621
List the prime factors of 15621537.
3, 5207179
What are the prime factors of 1364994?
2, 3, 75833
What are the prime factors of 34429?
34429
What are the prime factors of 42813?
3, 67, 71
What are the prime factors of 643371?
3, 214457
List the prime factors of 1630530.
2, 3, 5, 11, 61
List the prime factors of 2949276.
2, 3, 11, 22343
What are the prime factors of 5139209?
281, 18289
List the prime factors of 247507.
13, 79, 241
List the prime factors of 163457.
7, 19, 1229
What are the prime factors of 181901?
101, 1801
What are the prime factors of 2457648?
2, 3, 5689
What are the prime factors of 23417044?
2, 7, 19, 44017
What are the prime factors of 620948?
2, 29, 53, 101
What are the prime factors of 1761666?
2, 3, 89, 3299
What are the prime factors of 783753?
3, 261251
List the prime factors of 1613866.
2, 37, 113, 193
List the prime factors of 4995174.
2, 3, 179, 4651
List th